{"id":1417,"date":"2025-01-27T16:04:37","date_gmt":"2025-01-27T15:04:37","guid":{"rendered":"https:\/\/mountfire.sk\/?post_type=product&#038;p=1417"},"modified":"2026-04-10T15:37:16","modified_gmt":"2026-04-10T13:37:16","slug":"tesnenie-pod-kryt-cfr-100","status":"publish","type":"product","link":"https:\/\/mountfire.sk\/index.php\/produkt\/tesnenie-pod-kryt-cfr-100\/","title":{"rendered":"Tesnenie pod kryt CFR 100"},"content":{"rendered":"<p><span style=\"color: #808080;\">Tesnenie pod kryt filtra\u010dnej n\u00e1doby filtr\u00e1cie CFR 100.<\/span><\/p>\n","protected":false},"excerpt":{"rendered":"<p>Tesnenie pod kryt filtra\u010dnej n\u00e1doby filtr\u00e1cie CFR 100.<\/p>\n","protected":false},"featured_media":1404,"template":"","meta":[],"product_cat":[41],"product_tag":[],"class_list":{"0":"post-1417","1":"product","2":"type-product","3":"status-publish","4":"has-post-thumbnail","6":"product_cat-filtracia-cfr-100","7":"product_shipping_class-drobnosti-do-1kg","9":"first","10":"instock","11":"taxable","12":"shipping-taxable","13":"purchasable","14":"product-type-simple"},"jetpack_sharing_enabled":true,"_links":{"self":[{"href":"https:\/\/mountfire.sk\/index.php\/wp-json\/wp\/v2\/product\/1417","targetHints":{"allow":["GET"]}}],"collection":[{"href":"https:\/\/mountfire.sk\/index.php\/wp-json\/wp\/v2\/product"}],"about":[{"href":"https:\/\/mountfire.sk\/index.php\/wp-json\/wp\/v2\/types\/product"}],"wp:featuredmedia":[{"embeddable":true,"href":"https:\/\/mountfire.sk\/index.php\/wp-json\/wp\/v2\/media\/1404"}],"wp:attachment":[{"href":"https:\/\/mountfire.sk\/index.php\/wp-json\/wp\/v2\/media?parent=1417"}],"wp:term":[{"taxonomy":"product_cat","embeddable":true,"href":"https:\/\/mountfire.sk\/index.php\/wp-json\/wp\/v2\/product_cat?post=1417"},{"taxonomy":"product_tag","embeddable":true,"href":"https:\/\/mountfire.sk\/index.php\/wp-json\/wp\/v2\/product_tag?post=1417"}],"curies":[{"name":"wp","href":"https:\/\/api.w.org\/{rel}","templated":true}]}}