{"id":773,"date":"2025-01-05T19:59:25","date_gmt":"2025-01-05T18:59:25","guid":{"rendered":"https:\/\/mountfire.sk\/?post_type=product&#038;p=773"},"modified":"2026-02-11T18:24:06","modified_gmt":"2026-02-11T17:24:06","slug":"filtracna-vlozka-cfr100","status":"publish","type":"product","link":"https:\/\/mountfire.sk\/index.php\/produkt\/filtracna-vlozka-cfr100\/","title":{"rendered":"Filtra\u010dn\u00e1 vlo\u017eka CFR100"},"content":{"rendered":"<h6 class=\"tw-data-text tw-text-large tw-ta\" dir=\"ltr\" data-placeholder=\"Preklad\" data-ved=\"2ahUKEwi99Jingt-KAxW82wIHHSdHBG4Q3ewLegQIDhAT\"><span class=\"Y2IQFc\" lang=\"sk\">Filtra\u010dn\u00e1 vlo\u017eka pre\u00a0 Filtr\u00e1ciu baz\u00e9nov Waterair<\/span><span class=\"Y2IQFc\" lang=\"sk\"><br \/>\n<\/span><\/h6>\n","protected":false},"excerpt":{"rendered":"<p>Filtra\u010dn\u00e1 vlo\u017eka pre\u00a0 Filtr\u00e1ciu baz\u00e9nov Waterair<\/p>\n","protected":false},"featured_media":760,"template":"","meta":[],"product_cat":[21],"product_tag":[],"class_list":{"0":"post-773","1":"product","2":"type-product","3":"status-publish","4":"has-post-thumbnail","6":"product_cat-kartus-vlozka-filter-filtracia-waterair-filtracny-system-bazeny-rodinne-cerpadla-filter-filtracia-rodinny","7":"product_shipping_class-kartus-vlozka-filter-filtracia-waterair-filtracny-system-bazeny-rodinne-cerpadla-filter-filtracia-rodinny-3","9":"first","10":"instock","11":"sale","12":"taxable","13":"shipping-taxable","14":"purchasable","15":"product-type-simple"},"jetpack_sharing_enabled":true,"_links":{"self":[{"href":"https:\/\/mountfire.sk\/index.php\/wp-json\/wp\/v2\/product\/773","targetHints":{"allow":["GET"]}}],"collection":[{"href":"https:\/\/mountfire.sk\/index.php\/wp-json\/wp\/v2\/product"}],"about":[{"href":"https:\/\/mountfire.sk\/index.php\/wp-json\/wp\/v2\/types\/product"}],"wp:featuredmedia":[{"embeddable":true,"href":"https:\/\/mountfire.sk\/index.php\/wp-json\/wp\/v2\/media\/760"}],"wp:attachment":[{"href":"https:\/\/mountfire.sk\/index.php\/wp-json\/wp\/v2\/media?parent=773"}],"wp:term":[{"taxonomy":"product_cat","embeddable":true,"href":"https:\/\/mountfire.sk\/index.php\/wp-json\/wp\/v2\/product_cat?post=773"},{"taxonomy":"product_tag","embeddable":true,"href":"https:\/\/mountfire.sk\/index.php\/wp-json\/wp\/v2\/product_tag?post=773"}],"curies":[{"name":"wp","href":"https:\/\/api.w.org\/{rel}","templated":true}]}}