{"id":808,"date":"2025-01-21T23:02:17","date_gmt":"2025-01-21T22:02:17","guid":{"rendered":"https:\/\/mountfire.sk\/?post_type=product&#038;p=808"},"modified":"2025-06-23T10:41:48","modified_gmt":"2025-06-23T08:41:48","slug":"cerpadlo-s60-12m3-h","status":"publish","type":"product","link":"https:\/\/mountfire.sk\/index.php\/produkt\/cerpadlo-s60-12m3-h\/","title":{"rendered":"\u010cerpadlo S60   12m3\/h"},"content":{"rendered":"<p>Baz\u00e9nov\u00e9 \u010derpadlo s v\u00fdkonom 12m3\/h.<\/p>\n<p>\u010cerpadlo ur\u010den\u00e9 pre baz\u00e9nov\u00fa filtr\u00e1ciu,\u00a0 vhodn\u00e9 ako n\u00e1hrada za star\u0161ie typy \u010derpadiel v\u00a0 baz\u00e9noch Waterair .<\/p>\n<p>In\u0161tal\u00e1cia je mo\u017en\u00e1 ako samostatne umiestnen\u00e9 \u010derpadlo aj ako \u010derpadlo do filtra\u010dnej \u0161achty.<\/p>\n<p>\u010cerpadlo je kompatibiln\u00e9 so so\u013enou \u00fapravou baz\u00e9novej vody.<\/p>\n","protected":false},"excerpt":{"rendered":"<p>ozna\u010denie S60<\/p>\n","protected":false},"featured_media":782,"template":"","meta":[],"product_cat":[20],"product_tag":[],"class_list":{"0":"post-808","1":"product","2":"type-product","3":"status-publish","4":"has-post-thumbnail","6":"product_cat-waterair-bazeny-rodinne-cerpadla-kartus-vlozka-filter-filtracia-filtracny-system","7":"product_shipping_class-cerpadla-do-10kg","9":"first","10":"instock","11":"taxable","12":"shipping-taxable","13":"purchasable","14":"product-type-simple"},"jetpack_sharing_enabled":true,"_links":{"self":[{"href":"https:\/\/mountfire.sk\/index.php\/wp-json\/wp\/v2\/product\/808","targetHints":{"allow":["GET"]}}],"collection":[{"href":"https:\/\/mountfire.sk\/index.php\/wp-json\/wp\/v2\/product"}],"about":[{"href":"https:\/\/mountfire.sk\/index.php\/wp-json\/wp\/v2\/types\/product"}],"wp:featuredmedia":[{"embeddable":true,"href":"https:\/\/mountfire.sk\/index.php\/wp-json\/wp\/v2\/media\/782"}],"wp:attachment":[{"href":"https:\/\/mountfire.sk\/index.php\/wp-json\/wp\/v2\/media?parent=808"}],"wp:term":[{"taxonomy":"product_cat","embeddable":true,"href":"https:\/\/mountfire.sk\/index.php\/wp-json\/wp\/v2\/product_cat?post=808"},{"taxonomy":"product_tag","embeddable":true,"href":"https:\/\/mountfire.sk\/index.php\/wp-json\/wp\/v2\/product_tag?post=808"}],"curies":[{"name":"wp","href":"https:\/\/api.w.org\/{rel}","templated":true}]}}